1. Let a be (-1 + 2 - 5)*5/(-4). Determine q(a).
-19
Let m(f) be the first derivative of -f**4/4 - 2*f**3 + f**2/2 + 2*f - 5. Calculate m(-6).
-4
Let x be 2 + -1*-2*1. Let q = -3 + x. Suppose a + q = 4. Let s(n) = -n**3 + n**2 + 3*n + 3. What is s(a)?
-6
Let l(f) = -6*f + 13. Let j(t) = -14*t + 27. Let n(s) = -2*j(s) + 5*l(s). Determine n(9).
-7
Let c be (12/(-14))/((-6)/21). Let v(r) = -3*r + 3. Give v(c).
-6
Suppose -3*s = -2*k - 2 - 8, -k - 5 = 2*s. Let l be s/(1 - 2/1). Let t(w) be the second derivative of w**5/20 + w**4/12 - 2*w**2 - 2*w. Determine t(l).
-4
Let k(z) be the third derivative of -z**9/60480 - z**8/6720 + z**5/60 - 2*z**2. Let j(f) be the third derivative of k(f). Determine j(-3).
0
Let k be 3 + 1 + 8/(-4). Let y(j) = -2 - j**k + j + 4 - 2*j. Give y(-3).
-4
Let g(i) = -3*i - 1. Let x be g(-2). Suppose -5*o + 5 = -2*z, -8 = 2*o - 2*z - 4. Let h(a) = o + x*a - 4*a + 2. Give h(-3).
2
Let d(u) be the third derivative of u**6/120 - u**5/12 - 5*u**4/24 - u**3/2 - u**2. Suppose -13*b = -42 - 36. Calculate d(b).
3
Let k(j) = 2*j + 1. Suppose -2*o - 4 = -6*o. Let y(t) = -t. Let d(m) = o*y(m) + k(m). Let l be d(-5). Let a(v) = v. What is a(l)?
-4
Let p(o) = o**3 - 4*o**2 + 7*o. Let h(l) = 2*l**3 - 3*l**2 + 6*l. Let g(n) = 6*h(n) - 5*p(n). Let j = 3 + -4. Determine g(j).
-6
Suppose c + c - 4 = 0. Let y(a) = 0 + a**2 - 3*a**2 + 1 + 2*a. Let x be y(c). Let j(l) = -l**2 - 4*l - 4. Give j(x).
-1
Let k = -18 - -22. Let h(z) = z - 1. Give h(k).
3
Let n(s) = -s**3 - 5*s**2 + 3*s + 2. Let q = 161 + -165. Determine n(q).
-26
Let x(f) = -6*f**2 - 4*f - 1. Let r(j) = -11*j**2 - 8*j - 2. Let n(i) = -4*r(i) + 7*x(i). Calculate n(-3).
7
Suppose 182 = -3*q + 179. Let l(k) = -22*k**3 - k - 1. What is l(q)?
22
Let g(t) = t**2 + 4*t - 1. Let y = 8 + -4. Let a = 4 - y. Suppose 4*d + 0*d + 16 = a. Give g(d).
-1
Suppose -8*x = -3*x - 4*w - 23, 3*x - 17 = 4*w. Let i = x - -3. Let u(a) = -a**3 + 5*a**2 + 8*a - 4. Give u(i).
8
Let r(z) = -12 + 10 - z - 2. Determine r(3).
-7
Suppose -4*b + 4 = -4. Let v(d) = -2 - 2 + 2*d - d**3 - 3*d**b + 0*d. Suppose -4*t - 12*t = 64. Calculate v(t).
4
Let g(y) be the first derivative of 2 + 2*y**2 + 0*y - y + 0. Suppose 8 = 5*c + 3. Give g(c).
3
Suppose 8 = 3*b + 5*k, -4*b + 2*k + 21 + 7 = 0. Let g(d) = d**2 - 3 - 3 - 4*d + 0. Give g(b).
6
Let r(t) = 2*t - 4. Let b be r(3). Let a = -18 + 21. Suppose 4 = -4*i + b*f, 3*f + a = -3*i - f. Let g(w) = w. Calculate g(i).
-1
Let j(w) = w**2 - 6*w + 2. Let c = -104 - -110. Determine j(c).
2
Let v(z) = z + 6. Suppose -2*o + 3 = 3*c - 3*o, -5*c + 5*o + 15 = 0. Calculate v(c).
6
Let w(u) = -u**3 + 8*u**2 + 2*u + 2. Let x(o) = -o - 5*o**2 - 2*o + o**3 - 2 - 4*o**2. Let d(r) = 6*w(r) + 5*x(r). Let j = -3 - -5. Determine d(j).
0
Let y(d) be the first derivative of d**4/4 + 5*d**3/3 + d**2/2 + 7*d + 4. Give y(-5).
2
Let i be 1 - (4 - (0 + -1)). Let f(y) = -y - 4. Give f(i).
0
Let s(z) be the second derivative of z**6/120 + z**5/20 - z**4/8 - z**3/2 + z**2 + 4*z. Let t(g) be the first derivative of s(g). Give t(-3).
6
Let l(o) be the second derivative of 1/3*o**4 + 2/3*o**3 + 0 - 1/20*o**5 - o**2 - 2*o. Let n = -4 + 9. Calculate l(n).
-7
Let h(s) = 11*s + 2. Suppose 25 = -5*t, 5*l - 4*t + 2 - 12 = 0. What is h(l)?
-20
Let t(z) = -5*z. Let k(x) = x + 6. Let s be k(-7). Calculate t(s).
5
Let p(a) = 3*a + 7. Let u be (-11)/3 + 4/(-12). Let y(w) = -7*w - 14. Let o(k) = u*y(k) - 9*p(k). Give o(5).
-2
Let d(m) = -m - 3. Let f = -2 - -6. Suppose f*l = -0*l. Give d(l).
-3
Suppose -2 = 2*r + 4. Let w(a) be the first derivative of -a**4/4 - a**3/3 + 5*a**2/2 + 4*a + 3. Calculate w(r).
7
Let b(t) = -5*t**3 + 2*t**2 - 1. Let s be 1 + 0 + 2 + 4 + -6. Calculate b(s).
-4
Let s = 50 + -51. Let l(n) = -19*n**2 - n. Calculate l(s).
-18
Suppose -8*u - 10 = -3*u. Let c(r) = -r**3 - 2*r**2 - r - 2. Calculate c(u).
0
Let h = -47 - -941/20. Let a(n) be the second derivative of 3*n + h*n**5 + 0 + 0*n**4 + 1/6*n**3 + 1/2*n**2. Calculate a(0).
1
Let i(g) be the first derivative of g**2/2 + 9*g - 1. Suppose 5*u + 5*n + 35 = 0, n + 4 = -2*u - 12. Let k be i(u). Let f(r) = r**3 - r**2 + r + 1. Give f(k).
1
Let g(t) = -4*t**3 + 3*t**2 - 21. Let a(r) be the second derivative of r**5/20 - r**4/12 + 7*r**2/2 - r. Let x(h) = -7*a(h) - 2*g(h). Give x(0).
-7
Let x(k) = -k**2 - 14*k - 14. Let p be x(-13). Let c(u) = -2*u**2 + u + 1. Calculate c(p).
-2
Suppose -8 + 0 = -4*l. Suppose 3*q - 7 = -61. Let d be 4/q - l/(-9). Let s(b) = b + 5. Give s(d).
5
Let d(z) = 2*z + 0*z - 3*z + 3. Let y(i) = -i + 6. Let f be y(3). Suppose 3*u = -3*t, f*t - 7*t + 5*u - 36 = 0. Determine d(t).
7
Let g(x) = -7*x + 4 + 127*x**2 + 131*x**2 - 259*x**2. Give g(-7).
4
Let f = -40 + 44. Let n(g) = -2 - g**2 + 3*g + 2. Calculate n(f).
-4
Suppose -w - 21 = -2*i + 2*w, 5*w + 25 = 0. Suppose i*b + 9 = -6. Let t(s) = s + 9. Determine t(b).
4
Let u(x) = x - 8. Let c(v) = -5*v**2 - v - 5. Let r(o) = -11*o**2 - 3*o - 11. Let s(z) = -13*c(z) + 6*r(z). Let l be s(-2). What is u(l)?
-3
Let u(v) = -2*v + 2*v + v**3 + v - 3*v**2 + 9*v**2 - 1. Let z be 8/3*(-9)/4. What is u(z)?
-7
Suppose 0 = -8*m - 3 - 37. Let t(z) = -z**2 - 5*z - 7. Determine t(m).
-7
Let g(j) = j**2 - 5*j + 6. Let q be g(4). Let b(h) be the first derivative of 1/2*h**2 - 4*h - q. Calculate b(3).
-1
Let s = 11 + -7. Suppose -2*b + 5*t - 18 = t, -3*b - 4*t = -23. Let x(u) = 6 + u**2 + 0 - 4*u - b. What is x(s)?
5
Let u be (-1 - 2/1) + 4. Let m(x) = 5*x**2 + x. Calculate m(u).
6
Let r(f) = -f - 2. Let h(i) = i**3 + 17*i**2 + 17*i + 10. Let y be h(-16). Determine r(y).
4
Suppose v - 1 - 2 = 0. Suppose 4*m = 2*y + 6, v*y - y + 14 = -4*m. Let s be -3*(-6)/9 + m. Let g(r) = -5*r**3 + 2*r - 1. What is g(s)?
-4
Let f(q) = q**2 + q - 2. Let v be (-168)/70 + 2/5. Determine f(v).
0
Let a(f) = 20*f**3. Let j be a(-1). Let w be ((-4)/(-3))/(j/(-30)). Let l be (-1)/w + 1/2. Let r(g) = -g**3 + g - 7. Calculate r(l).
-7
Let y(t) = 5*t + t**2 + 4 + 2 - 4. Suppose 0*o - 3 = o. What is y(o)?
-4
Let r(n) = -n**2 + 8*n + 1. Let m = -13 - -20. Determine r(m).
8
Let s be 4*(-2)/(-12)*9. Let d(l) = l**3 - 6*l**2 - 3. Determine d(s).
-3
Let f = 104 + -109. Let j(i) = -2*i + 7. What is j(f)?
17
Suppose 0 = -3*b - 4*v + 2, -1 = -v + 1. Let p(u) be the first derivative of 1/3*u**3 + 4 + 1/2*u**2 + 2*u. Calculate p(b).
4
Suppose 1 = t - 0*t + l, 5*t - 11 = l. Let p(v) = 3*v**2 - 3*v + 2. Determine p(t).
8
Let m(q) = -q - 9. Let v be m(-13). Suppose f + 2*t + 15 = -3*t, -v*f - 5*t - 15 = 0. Let x(n) = 0*n - 4 + f*n - 3*n + 2*n. Give x(-5).
1
Let y(f) be the third derivative of 0 + 0*f + 3*f**2 + 1/60*f**5 + 7/24*f**4 + 1/6*f**3. Calculate y(-6).
-5
Let z(o) = -o**2 - o + 2. Suppose -5*q - 3 = -t + 4*t, q = -4*t + 13. Give z(q).
-4
Let j(f) = f + 17. Let u(l) = -2. Let v(y) = -j(y) - 6*u(y). What is v(4)?
-9
Suppose 5*y + z = -16, 16 = -y + 5*z - 8. Let k(h) be the first derivative of -h**3/3 - 3*h**2/2 - 4*h + 7. Determine k(y).
-8
Let a(i) = -2*i + 3*i**2 + 3*i - 4*i + 2 - i**3. What is a(2)?
0
Let h(b) = 0*b - b - b**2 + 1 + 4*b. Let d be (86/129)/(((-4)/18)/(-1)). Give h(d).
1
Let b be 32/40*(-15)/(-2). Let n(w) = -w. Calculate n(b).
-6
Let k be 4/(-6)*45/(-6). Suppose v - 2*c = -v + 12, -2*v + 4 = 2*c. Let a(f) = -2 - v*f - 2*f + 19*f**2 - 18*f**2. Give a(k).
-7
Suppose -25 = -t - 4*t, -5*m + 5*t - 5 = 0. Let o be (-1)/4 - 14/8. Let x = m + o. Let l(k) = -k**3 + 2*k**2 + 1. Determine l(x).
1
Let g(w) = -w - 1. Let u(s) = 5*s + 13. Let r(y) = -2*y**3 + y**2 + y - 1. Let i be r(1). Let h(a) = i*u(a) - 4*g(a). Give h(-7).
-2
Suppose 0 = 6*r - r - 10. Let d(m) = -m - 2. Calculate d(r).
-4
Suppose 0*r - 4 = 2*r. Let q(c) = -c - 2. What is q(r)?
0
Let x(b) = -2*b**3 - 2*b + 1. Let u(z) = -4*z**3 + z**2. Let n be u(1). Let y(f) = f**3 + 2*f. Let s(o) = n*y(o) - 2*x(o). Determine s(-2).
-6
Let c be (-7)/(21/12) + -1. Let r(n) = -13*n**3 - 5*n**2 - 5*n - 7. Let u(m) = 7*m**3 + 3*m**2 + 3*m + 4. Let l(j) = c*u(j) - 3*r(j). Determine l(-1).
-3
Let g(n) = n - 1. Suppose 4 - 7 = v. Determine g(v).
-4
Suppose 6 - 14 = -4*y. Suppose 4*z = -5*r - 14, z - 11 = 5*r + y*z. Let f(n) = 4*n**2 + 3. Let v(x) = 9*x**2 - x + 7. Let o(a) = 7*f(a) - 3*v(a). What is o(r)?
-2
Let t(c) = 8*c**2 + 5 - 6*c + 7*c - 5. Give t(-1).
7
Suppose -12 = -3*g -